46 and 4176?
58
Calculate the highest common divisor of 20 and 56770.
10
Calculate the greatest common divisor of 198887 and 52.
13
What is the greatest common factor of 427 and 14686?
7
Calculate the highest common divisor of 48968 and 1096.
8
Calculate the greatest common factor of 114 and 414618.
114
What is the greatest common factor of 7551 and 117?
9
Calculate the highest common divisor of 7 and 2298632.
7
Calculate the highest common divisor of 137291 and 2464.
77
What is the highest common divisor of 46148 and 664?
332
What is the highest common divisor of 3561 and 15?
3
What is the highest common divisor of 8 and 127672?
8
Calculate the greatest common divisor of 256839 and 165.
33
What is the greatest common divisor of 162433 and 58834?
1279
What is the highest common divisor of 421056 and 15912?
1224
What is the highest common factor of 1418241 and 363?
363
What is the highest common factor of 79322 and 17?
17
What is the greatest common factor of 51129 and 342?
171
What is the highest common divisor of 2088 and 9720?
72
Calculate the greatest common divisor of 127712 and 104.
104
Calculate the greatest common divisor of 11639 and 1339.
103
What is the greatest common divisor of 24738 and 693462?
798
Calculate the greatest common factor of 613 and 18071240.
613
What is the highest common divisor of 127 and 56896?
127
What is the greatest common divisor of 1069110 and 225?
45
What is the highest common factor of 62073 and 3553?
209
Calculate the highest common factor of 38 and 32.
2
Calculate the highest common factor of 48080 and 80.
80
Calculate the greatest common factor of 15010 and 3792.
158
Calculate the highest common factor of 896 and 343.
7
What is the greatest common factor of 549 and 255102?
183
What is the highest common divisor of 23105 and 1210?
5
Calculate the greatest common factor of 485 and 15229.
97
Calculate the greatest common factor of 138614 and 42.
14
Calculate the highest common divisor of 32 and 304352.
32
What is the highest common divisor of 12852 and 3808?
476
Calculate the highest common factor of 15887828 and 1804.
1804
Calculate the highest common factor of 28 and 417193.
7
Calculate the greatest common divisor of 255996 and 36.
36
What is the highest common divisor of 82278 and 378?
126
Calculate the highest common divisor of 29142 and 864.
18
Calculate the highest common divisor of 187 and 19657.
11
Calculate the greatest common divisor of 929 and 371.
1
Calculate the highest common divisor of 410208 and 48.
48
What is the highest common factor of 833 and 15113?
119
What is the highest common divisor of 167957 and 371?
53
Calculate the highest common divisor of 210 and 1884330.
210
What is the highest common factor of 6578 and 621?
23
What is the greatest common divisor of 22713 and 152550?
339
What is the highest common factor of 105140 and 2?
2
Calculate the greatest common factor of 58 and 571358.
58
What is the highest common factor of 43014 and 107?
107
What is the greatest common factor of 2071965 and 1225?
245
What is the highest common divisor of 129 and 2079?
3
What is the highest common factor of 47040 and 4288?
64
Calculate the greatest common divisor of 47 and 2367625.
47
Calculate the highest common divisor of 176477 and 476.
119
What is the greatest common factor of 20850 and 10950?
150
Calculate the greatest common divisor of 93799 and 97.
97
What is the highest common divisor of 1978776 and 648?
216
Calculate the highest common factor of 41170 and 50.
10
What is the greatest common divisor of 143 and 275275?
143
Calculate the greatest common factor of 2170197 and 183.
183
What is the greatest common divisor of 576 and 14256?
144
What is the greatest common divisor of 775312 and 47?
47
What is the greatest common divisor of 68 and 527?
17
Calculate the greatest common factor of 2335 and 80.
5
Calculate the greatest common divisor of 1454436 and 648.
324
What is the highest common divisor of 178 and 428268?
178
Calculate the highest common factor of 164 and 12095.
41
Calculate the greatest common divisor of 13 and 423527.
13
What is the highest common divisor of 85 and 36805?
85
Calculate the greatest common divisor of 10229 and 8427.
53
What is the greatest common divisor of 3521 and 91?
7
What is the greatest common factor of 12 and 579669?
3
Calculate the greatest common divisor of 124 and 2294.
62
What is the highest common factor of 44081 and 68?
17
Calculate the greatest common divisor of 33549 and 211.
211
What is the highest common divisor of 238 and 2352987?
119
What is the highest common divisor of 129618 and 29412?
342
Calculate the greatest common divisor of 479106 and 86.
86
What is the greatest common factor of 177288 and 98256?
2136
Calculate the greatest common factor of 10727 and 9554.
17
What is the greatest common factor of 62 and 16?
2
Calculate the greatest common factor of 19888 and 23056.
176
Calculate the greatest common factor of 43950 and 24.
6
What is the highest common divisor of 78 and 842178?
6
Calculate the highest common divisor of 230517 and 1008.
63
Calculate the greatest common divisor of 468924 and 552.
276
What is the highest common divisor of 3080 and 44891?
77
Calculate the highest common divisor of 4729866 and 1446.
1446
What is the greatest common divisor of 88475 and 25?
25
What is the highest common divisor of 7637 and 280?
7
What is the highest common divisor of 290 and 468698?
58
Calculate the greatest common divisor of 57281 and 686.
343
Calculate the greatest common factor of 305 and 3013949.
61
Calculate the highest common factor of 39080 and 60.
20
What is the highest common factor of 100850 and 1450?
50
Calculate the greatest common factor of 4495 and 580.
145
Calculate the greatest common divisor of 787759 and 19.
19
Calculate the greatest common divisor of 80952 and 156.
12
What is the highest common divisor of 180 and 41130?
90
Calculate the greatest common divisor of 25517 and 56525.
323
What is the greatest common divisor of 1209 and 91689?
39
What is the greatest common factor of 190724 and 4?
4
Calculate the highest common divisor of 457562 and 290.
58
What is the greatest common divisor of 2450 and 66395?
245
Calculate the greatest common factor of 348 and 461796.
348
Calculate the highest common divisor of 10443 and 2232.
3
Calculate the greatest common factor of 8 and 663952.
8
What is the highest common divisor of 5 and 434060?
5
Calculate the greatest common divisor of 28 and 1370068.
28
Calculate the highest common divisor of 5369885 and 177.
59
What is the highest common factor of 560189 and 1264?
79
Calculate the highest common factor of 840 and 7574700.
420
What is the greatest common divisor of 384 and 609536?
128
Calculate the highest common factor of 544 and 9554.
34
Calculate the highest common divisor of 2920 and 1080.
40
Calculate the greatest common factor of 14408004 and 2964.
2964
Calculate the greatest common factor of 34182 and 405.
81
What is the greatest common factor of 9 and 19191?
3
What is the highest common divisor of 4500 and 1404?
36
Calculate the greatest common divisor of 52178 and 14.
14
What is the greatest common factor of 103932 and 108?
36
What is the greatest common divisor of 1550 and 4402?
62
What is the highest common divisor of 539164 and 2960?
148
Calculate the highest common factor of 342419 and 77.
77
Calculate the highest common factor of 1630521 and 153.
153
Calculate the greatest common factor of 20 and 105268.
4
Calculate the greatest common factor of 213 and 28350.
3
Calculate the highest common factor of 60 and 3288.
12
Calculate the highest common divisor of 56 and 1247918.
14
Calculate the greatest common factor of 9108 and 462990.
1518
What is the highest common divisor of 47244 and 5952?
372
What is the greatest common divisor of 578887 and 23?
23
Calculate the highest common divisor of 7651 and 1557525.
1093
Calculate the greatest common divisor of 16295 and 160.
5
What is the highest common divisor of 12892 and 352?
44
What is the greatest common divisor of 11 and 687181?
11
What is the greatest common factor of 160 and 13295?
5
Calculate the greatest common factor of 42 and 8288.
14
Calculate the highest common factor of 140 and 765835.
35
Calculate the highest common d